- 6*r + 3. Let b = 0 + 0. Suppose -15 = -3*d - b*d. Calculate q(d).
4
Let h(l) = -2 + 0 + 0 - l. Let f(c) = -c**2 - 10*c - 5. Let b be f(-10). Let o(r) = -r**3 - 4*r**2 + 4*r - 1. Let m be o(b). Determine h(m).
-6
Let s(v) = 2*v**2 - 4*v + 4. Let z be (1/3)/(6/216). Let b = z - 9. What is s(b)?
10
Let g(p) = -8*p + 1. Suppose 2*o = 5*f + 20, o + 15 = 4*o. Let t(s) = 4*s - 1. Let a(w) = f*g(w) - 5*t(w). Calculate a(2).
-5
Let a(m) = 2*m - 1. Let h = 10 - 0. Let u = h - 6. Suppose -u*g + 0 + 8 = 0. Calculate a(g).
3
Let y(j) = -j**3 + 8*j**2 - 6*j - 9. Let c be y(7). Let x(i) = -i**3 - i**2 + 2*i - 1. Give x(c).
-1
Suppose -3*i + 2 - 17 = 0. Let y(r) = -1. Let a(j) = 6 + 2*j - 1 + 1. Let w(q) = -a(q) - y(q). Calculate w(i).
5
Let b(t) = 2*t**3 + t**2 - 3*t - 1. Suppose -5*l + 10 = 45. Let s be (7/(l/(-2)))/(-1). What is b(s)?
-7
Let k(y) = -2*y**3 + 2*y + 1. Suppose 2*u = -2*l - 0*l + 6, l - 6 = 2*u. Let a be k(u). Let c(t) = -4*t**2 + 2*t - 1. Give c(a).
-3
Let a(b) be the third derivative of 0 + 0*b**3 - 1/24*b**4 + b**2 + 1/20*b**5 - 1/120*b**6 + 0*b. Calculate a(1).
1
Let i(b) be the third derivative of -1/24*b**4 + 0 - 1/120*b**6 + 2*b**2 + 0*b**3 + 0*b + 0*b**5. What is i(-1)?
2
Let f(d) = d**2 + 4*d + 2. Let i(g) = g**2 - 6*g + 3. Let r be i(4). Let h = 16 + -24. Let v = h - r. What is f(v)?
-1
Let o = -4 - -7. Let g(r) = -2 + o - 1 - 3 + 3*r. Suppose -10 = -2*n, -4*k = -4*n - 5 + 17. Give g(k).
3
Let x(m) = -3*m**3 - 13*m**2 + 5*m - 1. Let c(p) = -p**3 - 6*p**2 + 3*p - 1. Let d(n) = -5*c(n) + 2*x(n). Give d(3).
-3
Let i(w) = 12*w + 7. Let h(d) = 13*d + 8. Let a(m) = -5*h(m) + 6*i(m). Calculate a(-2).
-12
Let i be (2 + 4)*2/6. Let f(y) = -2*y + 3*y + 4*y**i + 2*y**3 + 0*y**3 + y. Let a be f(-2). Let j(s) = s**3 + 5*s**2 + 3*s + 1. Give j(a).
5
Let j(g) = -10*g - g - 2*g - 1 + g. Let h = 2 + -3. What is j(h)?
11
Let k(r) = r + 1. Let x be k(4). Let z(m) be the first derivative of -2*m**2 + m - 1/4*m**4 - 2 + 2*m**3. Determine z(x).
6
Let v(z) = 14*z**3 + 29*z**2 - 5*z - 15. Let p(y) = -5*y**3 - 10*y**2 + 2*y + 5. Let n(w) = 17*p(w) + 6*v(w). Calculate n(4).
11
Let b(a) be the first derivative of a**4/4 + 5*a**3/3 + 2*a**2 + 2*a + 1. Suppose -20*j + 18*j - 6 = 0. Calculate b(j).
8
Let j = -2 - -4. Let t(x) be the third derivative of x**4/8 + 4*x**2. Calculate t(j).
6
Let d(j) = 3*j. Let i be d(1). Let n(s) = -s**2 + s + 4. What is n(i)?
-2
Let q = 12 - 9. Let f(p) = -3*p**2 - 9*p**3 + q*p + 1 - p + 0 + 4*p**2. Give f(-1).
9
Let p(t) = t**3 - 3*t**2 - 2*t - 2. Let s = -16 - -19. Suppose 0 = 8*h - 9*h + s. Determine p(h).
-8
Let p(r) = 3*r - 1. Suppose -4*k = -6*k - 26. Let j = k + 14. Give p(j).
2
Let b = 31 - 20. Let m be b/(-2) + (-6)/(-12). Let z = m - -3. Let f(x) = -x. Calculate f(z).
2
Let a(d) = -d**3 - 4*d**2 + d + 4. Let y be -7 + (3 - 4)*-4. Calculate a(y).
-8
Let l(m) = 2*m**2 - 3*m - 2. Let d = 39 + -41. Give l(d).
12
Let g(f) = -f**2 - 2*f + 2. Suppose -10*h = -5*h + 15. Give g(h).
-1
Let u(l) = -l**2 - 3*l. Let p be u(-5). Let k be (-4)/(-10) - 16/p. Suppose 4 = -x + k*x. Let m(t) = -t**3 + 5*t**2 - 4*t - 2. What is m(x)?
-2
Suppose -3*d - 5*i + 3 + 3 = 0, -2*d = 2*i. Let k(g) = -9*g + 0*g - 12 + 0. Let v(n) = 3*n + 4. Let j(a) = 4*k(a) + 11*v(a). Determine j(d).
5
Suppose 4*j - 16 = -0*j. Let b = 26 + -23. Let f(z) = -2*z**b - 3 + 3*z**3 + 5*z**2 - z - j. Calculate f(-5).
-2
Let b(i) = i + 3. Let v(s) = -s**3 + 7*s**2 + 8*s. Let f be v(8). Calculate b(f).
3
Let z(o) = -2*o**2 - 2*o + 1. Let y(q) = 5*q**2 + 5*q - 3. Let t(l) = -3*y(l) - 7*z(l). Suppose -8*a + 9*a - 2 = 0. Calculate t(a).
-4
Let q = 0 - 1. Let n(a) = 5*a**2 - 3*a**2 - 4 + 3 - 3*a**2. Let g(o) = 4*o - 2. Let u(y) = q*n(y) + g(y). Give u(-4).
-1
Let m(z) = z**2 + 5*z - 4. Suppose o - 1 = 1, 0 = -4*h - o - 2. Let q be 33/(-6) + h/2. Determine m(q).
2
Let n(u) = u**2 - 3*u - 5. Suppose -a - 2*a + 15 = 0. Determine n(a).
5
Let c(r) be the third derivative of -4*r**2 - 1/6*r**4 + 0*r - 1/60*r**5 + 0 + 1/3*r**3. Determine c(-4).
2
Let c be 24/(-20)*-1*5. Let j(w) = -5*w - 7. Let h(g) be the first derivative of -2*g**2 - 6*g - 1. Let z(x) = c*h(x) - 5*j(x). What is z(-2)?
-3
Let c(o) = 46*o - 1 + 1 - 42*o. What is c(-1)?
-4
Let m be -2 + (-2)/(-2) - -3. Let t = 0 - m. Let j be 1/t - 9/6. Let v(k) = -k**3 - 2*k**2 + 2. Give v(j).
2
Let p(i) be the third derivative of i**6/120 + i**5/10 + 2*i**3/3 - 2*i**2. Let b = -2 - -4. Suppose b*t = 3*t + 6. What is p(t)?
4
Let g(q) = q**2 - 11*q + 3. Let k be 29/6 + 11/66. Calculate g(k).
-27
Let k = -17 - -20. Suppose k*i - 2*f = 2*f - 12, 5*f = 0. Let o(j) = j**2 + 4*j - 5. Determine o(i).
-5
Let k be (-1 - 26 - -1)/(24/(-12)). Let y(c) = c**3 - 14*c**2 + 13*c + 7. What is y(k)?
7
Let y = -8 - -6. Let u(l) = -l + 2. Determine u(y).
4
Let g(z) = z**2 + z - 3. Let b(h) = -h**2 + 6*h + 1. Let y be b(7). Let p be y/(-30) - 2/10. Give g(p).
-3
Let z(b) = 0*b**2 + 0*b**3 - 7 + b**3 + 5*b**2 - b. Let k(p) = 2*p + 11. Suppose -4*h + 3*r = h + 55, 5*r - 25 = 0. Let f be k(h). What is z(f)?
-2
Let h(i) = i**2 + 3*i. Let j(k) = 4*k**2 + k. Let r be j(-2). Suppose -n - 13 = -5*u, u + 4*n = -n - 13. Suppose 4*v + r = u. What is h(v)?
0
Let z(f) = -f**2 - 2*f - 2. Let o be z(-3). Let h(v) = -7*v**2 - 15*v - 15. Let u(c) = 3*c**2 + 7*c + 7. Let w(x) = -2*h(x) - 5*u(x). Determine w(o).
-5
Let g(m) = -3*m + 2 + 4*m**3 - 5*m**3 + 0*m**3 + 2*m - 2*m**2. Calculate g(-2).
4
Let i(z) = 2*z**2 - 3*z - 3. Suppose 5*m - 89 = 2*y, 3*y - 4*y = m - 22. Let t be 2 - (-12)/3*4. Suppose -3*h - t = -4*g, -g - 2*g + 5*h + m = 0. Give i(g).
6
Let d be (-5)/(15/2)*-3. Let v(p) = -p**2 + 2*p**d + 0*p**2 - p - 12. Suppose -x = x. Give v(x).
-12
Let s(g) = -2 - 2 + 4*g**2 - 4 - 3*g**3 - 5*g. Let a(q) be the second derivative of -q**5/20 - q**2/2 + 3*q. Let x(i) = -4*a(i) + s(i). Calculate x(-5).
-4
Let k(n) = n + 4. Let b = 1 - -2. Determine k(b).
7
Suppose -n - 3*n = -20. Let m(p) = p**2 - p + 1. Calculate m(n).
21
Let g(b) = 4*b**2 - 5. Let w(c) = -7*c**2 + 9. Let i(f) = 5*g(f) + 3*w(f). Determine i(0).
2
Let w(t) = -t + 4. Let k be (-21 - -18) + (-1 - -1). Calculate w(k).
7
Let d(f) = 9*f**3 - 10*f**2 + 12*f - 12. Let b(j) = 5*j**3 - 5*j**2 + 6*j - 6. Let w(p) = 11*b(p) - 6*d(p). Calculate w(-6).
6
Let c(v) = 2*v - 21. Let b(n) = -n + 10. Let d(m) = -9*b(m) - 4*c(m). Determine d(5).
-1
Let g = -15 - -10. Let m(z) = 13*z + 15. Let c(n) = n + 1. Let s(t) = 15*t + 16. Let f(d) = 6*c(d) - s(d). Let v(x) = g*m(x) - 7*f(x). Calculate v(-5).
5
Let r be 8/36 + (-22)/18. Let o(u) = 11*u - 1. What is o(r)?
-12
Let w(f) = -f**3 + 6*f**2 - 7*f + 5. Suppose -5*b - 5 = 3*j - 2, -2*b = j + 2. Give w(j).
9
Let p(j) = j + 4. Let l be p(-4). Let z = l + -4. Let x(i) be the second derivative of -i**4/12 - i**3/6 + 3*i**2/2 - 16*i. Determine x(z).
-9
Let q(i) = i**3 + 3*i**2 - 4*i. Let u be q(-4). Let k = u + 0. Let l(z) be the first derivative of -z**2/2 - 5*z + 19. Calculate l(k).
-5
Let a = -1 - -2. Let p(b) = 4*b**3 - 2*b**2 + 1. What is p(a)?
3
Let z(g) = -g**2 + g. Let y be z(1). Let v(c) be the second derivative of 1/12*c**4 - 2/3*c**3 + y*c**2 - c + 0. Determine v(3).
-3
Let k(z) be the first derivative of 3*z**2 + 1/3*z**3 + 1 + z. What is k(-5)?
-4
Let q(g) = 3*g - g - 4*g + 15 + g. Calculate q(11).
4
Let x(y) = -4*y. Suppose -2*r = -6*r + 80. Let i = r + -17. What is x(i)?
-12
Let x(t) = t**2 - 8*t + 3. Let r be x(10). Suppose -3*d + 2*v - 19 = -0*v, 5*d + r = -v. Let q(g) = -g**3 - 4*g**2 + 4*g - 1. Determine q(d).
4
Let t(a) = -a**2 - 4*a - 3. Suppose g = 3*q - 6, -3*g - 2*q - 5 = -31. Let h = 4 - g. Calculate t(h).
1
Let y(t) be the first derivative of -3*t**4/2 - t**2/2 - t - 1. Give y(-1).
6
Let t be (1 - 6)/(-4 - (-3 + 0)). Let n(d) = -2*d + 1 + 2*d - d**3 + 6*d**2 - 5*d. Calculate n(t).
1
Suppose -4*q + 8*q = 8. Let o(s) be the third derivative of -s**4/8 - s**3/3 - s**2. What is o(q)?
-8
Let h(c) be the first derivative of c**3 + 1 + 1/4*c**4 - 3*c**2 - 2*c. Let l be 10*((-21)/15 - -1). Determine h(l).
6
Suppose 0 = -5*h + 51 - 31. Let g(o) = -o**2 + 4*o + 1. Determine g(h).
1
Let j(b) be the second derivative of -b**3/6 + 11*b. Suppose 2*z - 8 = -2*z + 4*t, 10 = -4*z - 5*t. Let g = -2 + z. Give j(g).
2
Let x(a) = a**2 + 3*a + 1. Let k(u) = -u**2 + u. Let y(v) 